{"id":19,"date":"2023-02-19T19:48:50","date_gmt":"2023-02-19T18:48:50","guid":{"rendered":"https:\/\/poney-club-chavanod.fr\/?page_id=19"},"modified":"2025-10-15T19:42:14","modified_gmt":"2025-10-15T17:42:14","slug":"tarifs-2023","status":"publish","type":"page","link":"https:\/\/poney-club-chavanod.fr\/index.php\/tarifs-2023\/","title":{"rendered":"Tarifs du Poney Club"},"content":{"rendered":"\n<p class=\"has-large-font-size\">Tarifs du Poney Club pour la saison 2025 &#8211; 2026<\/p>\n\n\n\n<h4 class=\"wp-block-heading\"><strong>NOUVEAUT\u00c9S :<\/strong><\/h4>\n\n\n\n<p class=\"has-medium-font-size\"><img decoding=\"async\" height=\"16\" width=\"16\" src=\"https:\/\/static.xx.fbcdn.net\/images\/emoji.php\/v9\/t2d\/1\/16\/1f434.png\" alt=\"\ud83d\udc34\"> <strong>DEMI-PENSION<\/strong> : 265\u20ac<\/p>\n\n\n\n<p class=\"has-medium-font-size\">2 cours collectifs de 1h30 et une s\u00e9ance libre\/semaine et priorit\u00e9 en concours<\/p>\n\n\n\n<p class=\"has-medium-font-size\"><img decoding=\"async\" height=\"16\" width=\"16\" src=\"https:\/\/static.xx.fbcdn.net\/images\/emoji.php\/v9\/t1\/1\/16\/1f40e.png\" alt=\"\ud83d\udc0e\"> <strong>PENSION <\/strong>: 550\u20ac<\/p>\n\n\n\n<p class=\"has-medium-font-size\">2 s\u00e9ances collectives et 3 sorties pr\u00e9 ou paddock comprise<\/p>\n\n\n\n<p class=\"has-vivid-red-color has-ast-global-color-4-background-color has-text-color has-background has-medium-font-size\">Pour toute inscription trimestrielle, l&rsquo;adh\u00e9sion au club et la licence FFE sont obligatoires<\/p>\n\n\n\n<p>Cotisation Club Annuelle Saison 2025 &#8211; 2026 : 60\u20ac<\/p>\n\n\n\n<p>Cotisation F\u00e9d\u00e9ration Fran\u00e7aise d&rsquo;Equitation Annuelle 2025 Adulte : 40\u20ac , Mineur : 29\u20ac<\/p>\n\n\n\n<p><strong>Nouveaut\u00e9 2025-2026 : une seule cotisation au club par famille !<\/strong><\/p>\n\n\n\n<figure class=\"wp-block-image aligncenter size-full\"><img fetchpriority=\"high\" decoding=\"async\" width=\"1536\" height=\"1152\" src=\"https:\/\/poney-club-chavanod.fr\/wp-content\/uploads\/2025\/10\/2.jpg\" alt=\"\" class=\"wp-image-583\" srcset=\"https:\/\/poney-club-chavanod.fr\/wp-content\/uploads\/2025\/10\/2.jpg 1536w, https:\/\/poney-club-chavanod.fr\/wp-content\/uploads\/2025\/10\/2-300x225.jpg 300w, https:\/\/poney-club-chavanod.fr\/wp-content\/uploads\/2025\/10\/2-1024x768.jpg 1024w, https:\/\/poney-club-chavanod.fr\/wp-content\/uploads\/2025\/10\/2-768x576.jpg 768w\" sizes=\"(max-width: 1536px) 100vw, 1536px\" \/><\/figure>\n\n\n\n<div style=\"height:100px\" aria-hidden=\"true\" class=\"wp-block-spacer\"><\/div>\n\n\n\n<figure class=\"wp-block-image aligncenter size-full\"><img loading=\"lazy\" decoding=\"async\" width=\"1536\" height=\"1152\" src=\"https:\/\/poney-club-chavanod.fr\/wp-content\/uploads\/2025\/10\/1.jpg\" alt=\"\" class=\"wp-image-584\" srcset=\"https:\/\/poney-club-chavanod.fr\/wp-content\/uploads\/2025\/10\/1.jpg 1536w, https:\/\/poney-club-chavanod.fr\/wp-content\/uploads\/2025\/10\/1-300x225.jpg 300w, https:\/\/poney-club-chavanod.fr\/wp-content\/uploads\/2025\/10\/1-1024x768.jpg 1024w, https:\/\/poney-club-chavanod.fr\/wp-content\/uploads\/2025\/10\/1-768x576.jpg 768w\" sizes=\"(max-width: 1536px) 100vw, 1536px\" \/><\/figure>\n\n\n\n<div style=\"height:100px\" aria-hidden=\"true\" class=\"wp-block-spacer\"><\/div>\n\n\n\n<figure class=\"wp-block-image aligncenter size-full\"><img loading=\"lazy\" decoding=\"async\" width=\"1536\" height=\"1152\" src=\"https:\/\/poney-club-chavanod.fr\/wp-content\/uploads\/2025\/10\/3.jpg\" alt=\"\" class=\"wp-image-586\" srcset=\"https:\/\/poney-club-chavanod.fr\/wp-content\/uploads\/2025\/10\/3.jpg 1536w, https:\/\/poney-club-chavanod.fr\/wp-content\/uploads\/2025\/10\/3-300x225.jpg 300w, https:\/\/poney-club-chavanod.fr\/wp-content\/uploads\/2025\/10\/3-1024x768.jpg 1024w, https:\/\/poney-club-chavanod.fr\/wp-content\/uploads\/2025\/10\/3-768x576.jpg 768w\" sizes=\"(max-width: 1536px) 100vw, 1536px\" \/><\/figure>\n","protected":false},"excerpt":{"rendered":"<p>Tarifs du Poney Club pour la saison 2025 &#8211; 2026 NOUVEAUT\u00c9S : DEMI-PENSION : 265\u20ac 2 cours collectifs de 1h30 et une s\u00e9ance libre\/semaine et priorit\u00e9 en concours PENSION : 550\u20ac 2 s\u00e9ances collectives et 3 sorties pr\u00e9 ou paddock comprise Pour toute inscription trimestrielle, l&rsquo;adh\u00e9sion au club et la licence FFE sont obligatoires Cotisation &hellip;<\/p>\n<p class=\"read-more\"> <a class=\"\" href=\"https:\/\/poney-club-chavanod.fr\/index.php\/tarifs-2023\/\"> <span class=\"screen-reader-text\">Tarifs du Poney Club<\/span> Lire la suite\u00a0\u00bb<\/a><\/p>\n","protected":false},"author":1,"featured_media":0,"parent":0,"menu_order":1,"comment_status":"closed","ping_status":"closed","template":"","meta":{"site-sidebar-layout":"default","site-content-layout":"default","ast-global-header-display":"","ast-main-header-display":"","ast-hfb-above-header-display":"","ast-hfb-below-header-display":"","ast-hfb-mobile-header-display":"","site-post-title":"disabled","ast-breadcrumbs-content":"","ast-featured-img":"","footer-sml-layout":"","theme-transparent-header-meta":"","adv-header-id-meta":"","stick-header-meta":"","header-above-stick-meta":"","header-main-stick-meta":"","header-below-stick-meta":"","footnotes":""},"class_list":["post-19","page","type-page","status-publish","hentry"],"_links":{"self":[{"href":"https:\/\/poney-club-chavanod.fr\/index.php\/wp-json\/wp\/v2\/pages\/19","targetHints":{"allow":["GET"]}}],"collection":[{"href":"https:\/\/poney-club-chavanod.fr\/index.php\/wp-json\/wp\/v2\/pages"}],"about":[{"href":"https:\/\/poney-club-chavanod.fr\/index.php\/wp-json\/wp\/v2\/types\/page"}],"author":[{"embeddable":true,"href":"https:\/\/poney-club-chavanod.fr\/index.php\/wp-json\/wp\/v2\/users\/1"}],"replies":[{"embeddable":true,"href":"https:\/\/poney-club-chavanod.fr\/index.php\/wp-json\/wp\/v2\/comments?post=19"}],"version-history":[{"count":34,"href":"https:\/\/poney-club-chavanod.fr\/index.php\/wp-json\/wp\/v2\/pages\/19\/revisions"}],"predecessor-version":[{"id":597,"href":"https:\/\/poney-club-chavanod.fr\/index.php\/wp-json\/wp\/v2\/pages\/19\/revisions\/597"}],"wp:attachment":[{"href":"https:\/\/poney-club-chavanod.fr\/index.php\/wp-json\/wp\/v2\/media?parent=19"}],"curies":[{"name":"wp","href":"https:\/\/api.w.org\/{rel}","templated":true}]}}